
{"id":15,"date":"2026-03-22T17:35:32","date_gmt":"2026-03-22T17:35:32","guid":{"rendered":"https:\/\/inzinerijossavaite.lt\/?page_id=15"},"modified":"2026-03-22T17:39:18","modified_gmt":"2026-03-22T17:39:18","slug":"apie-inzinerijos-savaite","status":"publish","type":"page","link":"https:\/\/inzinerijossavaite.lt\/?page_id=15","title":{"rendered":"Apie in\u017einerijos savait\u0119"},"content":{"rendered":"<p style=\"text-align: center;\"><strong>In\u017einerija \u2013 profesijos, kurios kuria ateit\u012f.<\/strong><br \/>\nIn\u017einieriai ir specialistai kuria infrastrukt\u016br\u0105, miestus, transporto sistemas, energetikos sprendimus ir<br \/>\ntechnologijas, kurios formuoja m\u016bs\u0173 kasdien\u012f gyvenim\u0105.<br \/>\n<strong>Lietuvos in\u017einerijos, statybos verslo ir \u0161vietimo bendruomen\u0117 susivienijo ir inicijavo nacionalin\u0119<br \/>\nedukacin\u0119 iniciatyv\u0105 \u2013 In\u017einerijos savait\u0119!<\/strong><\/p>\n","protected":false},"excerpt":{"rendered":"<p>In\u017einerija \u2013 profesijos, kurios kuria ateit\u012f. In\u017einieriai ir specialistai kuria infrastrukt\u016br\u0105, miestus, transporto sistemas, energetikos sprendimus ir technologijas, kurios formuoja m\u016bs\u0173 kasdien\u012f gyvenim\u0105. Lietuvos in\u017einerijos, statybos verslo ir \u0161vietimo bendruomen\u0117 susivienijo ir inicijavo nacionalin\u0119 edukacin\u0119 iniciatyv\u0105 \u2013 In\u017einerijos savait\u0119!<\/p>\n","protected":false},"author":1,"featured_media":0,"parent":0,"menu_order":0,"comment_status":"closed","ping_status":"closed","template":"default-page.php","meta":{"footnotes":""},"class_list":["post-15","page","type-page","status-publish","hentry"],"_links":{"self":[{"href":"https:\/\/inzinerijossavaite.lt\/index.php?rest_route=\/wp\/v2\/pages\/15","targetHints":{"allow":["GET"]}}],"collection":[{"href":"https:\/\/inzinerijossavaite.lt\/index.php?rest_route=\/wp\/v2\/pages"}],"about":[{"href":"https:\/\/inzinerijossavaite.lt\/index.php?rest_route=\/wp\/v2\/types\/page"}],"author":[{"embeddable":true,"href":"https:\/\/inzinerijossavaite.lt\/index.php?rest_route=\/wp\/v2\/users\/1"}],"replies":[{"embeddable":true,"href":"https:\/\/inzinerijossavaite.lt\/index.php?rest_route=%2Fwp%2Fv2%2Fcomments&post=15"}],"version-history":[{"count":1,"href":"https:\/\/inzinerijossavaite.lt\/index.php?rest_route=\/wp\/v2\/pages\/15\/revisions"}],"predecessor-version":[{"id":16,"href":"https:\/\/inzinerijossavaite.lt\/index.php?rest_route=\/wp\/v2\/pages\/15\/revisions\/16"}],"wp:attachment":[{"href":"https:\/\/inzinerijossavaite.lt\/index.php?rest_route=%2Fwp%2Fv2%2Fmedia&parent=15"}],"curies":[{"name":"wp","href":"https:\/\/api.w.org\/{rel}","templated":true}]}}