
{"id":18,"date":"2026-03-22T17:46:50","date_gmt":"2026-03-22T17:46:50","guid":{"rendered":"https:\/\/inzinerijossavaite.lt\/?page_id=18"},"modified":"2026-03-22T17:50:19","modified_gmt":"2026-03-22T17:50:19","slug":"mokykloms","status":"publish","type":"page","link":"https:\/\/inzinerijossavaite.lt\/?page_id=18","title":{"rendered":"Mokykloms"},"content":{"rendered":"<p style=\"text-align: center;\"><strong>Pakvieskite in\u017einierius \u012f savo mokykl\u0105.<\/strong><br \/>\nIn\u017einerijos savait\u0117s metu j\u016bs\u0173 mokykloje gali apsilankyti in\u017einerijos, technologij\u0173 ir statybos profesionalai, kurie moksleiviams pristatys savo profesij\u0105, projektus ir karjeros galimybes.<br \/>\nSusitikimai skirti 9\u201312 klasi\u0173 moksleiviams ir yra pritaikyti jaunimui \u2013 \u012ftraukiantys, paremti praktiniais pavyzd\u017eiais ir realiomis patirtimis.<\/p>\n","protected":false},"excerpt":{"rendered":"<p>Pakvieskite in\u017einierius \u012f savo mokykl\u0105. In\u017einerijos savait\u0117s metu j\u016bs\u0173 mokykloje gali apsilankyti in\u017einerijos, technologij\u0173 ir statybos profesionalai, kurie moksleiviams pristatys savo profesij\u0105, projektus ir karjeros galimybes. Susitikimai skirti 9\u201312 klasi\u0173 moksleiviams ir yra pritaikyti jaunimui \u2013 \u012ftraukiantys, paremti praktiniais pavyzd\u017eiais ir realiomis patirtimis.<\/p>\n","protected":false},"author":1,"featured_media":0,"parent":0,"menu_order":0,"comment_status":"closed","ping_status":"closed","template":"default-page.php","meta":{"footnotes":""},"class_list":["post-18","page","type-page","status-publish","hentry"],"_links":{"self":[{"href":"https:\/\/inzinerijossavaite.lt\/index.php?rest_route=\/wp\/v2\/pages\/18","targetHints":{"allow":["GET"]}}],"collection":[{"href":"https:\/\/inzinerijossavaite.lt\/index.php?rest_route=\/wp\/v2\/pages"}],"about":[{"href":"https:\/\/inzinerijossavaite.lt\/index.php?rest_route=\/wp\/v2\/types\/page"}],"author":[{"embeddable":true,"href":"https:\/\/inzinerijossavaite.lt\/index.php?rest_route=\/wp\/v2\/users\/1"}],"replies":[{"embeddable":true,"href":"https:\/\/inzinerijossavaite.lt\/index.php?rest_route=%2Fwp%2Fv2%2Fcomments&post=18"}],"version-history":[{"count":3,"href":"https:\/\/inzinerijossavaite.lt\/index.php?rest_route=\/wp\/v2\/pages\/18\/revisions"}],"predecessor-version":[{"id":21,"href":"https:\/\/inzinerijossavaite.lt\/index.php?rest_route=\/wp\/v2\/pages\/18\/revisions\/21"}],"wp:attachment":[{"href":"https:\/\/inzinerijossavaite.lt\/index.php?rest_route=%2Fwp%2Fv2%2Fmedia&parent=18"}],"curies":[{"name":"wp","href":"https:\/\/api.w.org\/{rel}","templated":true}]}}